{"id":360,"date":"2018-10-08T22:19:56","date_gmt":"2018-10-08T19:19:56","guid":{"rendered":"https:\/\/www.kumppanuustalohilma.fi\/hilma\/?page_id=360"},"modified":"2019-02-26T10:46:18","modified_gmt":"2019-02-26T08:46:18","slug":"iloa-arkeen","status":"publish","type":"page","link":"https:\/\/www.kumppanuustalohilma.fi\/hilma\/iloa-arkeen\/","title":{"rendered":"Iloa Arkeen"},"content":{"rendered":"<p><img loading=\"lazy\" decoding=\"async\" class=\"aligncenter size-full wp-image-367\" src=\"https:\/\/www.kumppanuustalohilma.fi\/hilma\/wp-content\/uploads\/2018\/10\/iloaarkeen_hilmalle_.jpg\" alt=\"\" width=\"1200\" height=\"661\" srcset=\"https:\/\/www.kumppanuustalohilma.fi\/hilma\/wp-content\/uploads\/2018\/10\/iloaarkeen_hilmalle_.jpg 1200w, https:\/\/www.kumppanuustalohilma.fi\/hilma\/wp-content\/uploads\/2018\/10\/iloaarkeen_hilmalle_-300x165.jpg 300w, https:\/\/www.kumppanuustalohilma.fi\/hilma\/wp-content\/uploads\/2018\/10\/iloaarkeen_hilmalle_-768x423.jpg 768w, https:\/\/www.kumppanuustalohilma.fi\/hilma\/wp-content\/uploads\/2018\/10\/iloaarkeen_hilmalle_-1024x564.jpg 1024w\" sizes=\"auto, (max-width: 1200px) 100vw, 1200px\" \/><br \/>\n<div class=\"su-service\"><div class=\"su-service-title\" style=\"padding-left:50px;min-height:36px;line-height:36px\"><i class=\"sui sui-child\" style=\"font-size:36px;color:#229234\"><\/i> Iloa Arkeen -pys\u00e4kit on vuosina 2016-2018 toteutettava verkostohanke, jota koordinoi Vanhus- ja l\u00e4himm\u00e4ispalvelun liitto Valli yhteisty\u00f6ss\u00e4 Kotien Puolesta Keskusliiton kanssa.<\/div><div class=\"su-service-content su-u-clearfix su-u-trim\" style=\"padding-left:50px\"><\/div><\/div>Iloa Arkeen-pys\u00e4kkitoimintaa kehitet\u00e4\u00e4n hankkeen aikana kuudella paikkakunnalla Vallin j\u00e4senyhteis\u00f6iss\u00e4. Mukana kehitt\u00e4misty\u00f6ss\u00e4 ovat my\u00f6s Kotien Puolesta paikallisyhdistykset.<\/p>\n<p>Iloa Arkeen -pys\u00e4kit ovat avoimia ja maksuttomia tapaamispaikkoja ik\u00e4ihmisille. Ne v\u00e4hent\u00e4v\u00e4t yksin\u00e4isyytt\u00e4, vahvistavat alueidensa yhteis\u00f6llisyytt\u00e4 ja tarjoavat toimintaa ik\u00e4ihmisille sek\u00e4 vapaaehtoisille.<\/p>\n<p>Pys\u00e4kit sijaitsevat siell\u00e4, miss\u00e4 ik\u00e4ihmiset liikkuvat kuten j\u00e4rjest\u00f6n toimitilassa, palvelukeskuksissa, kerrostalojen kerhohuoneissa. V\u00e4lill\u00e4 pys\u00e4kit ottavat py\u00f6r\u00e4t alleen ja liikkuvat ik\u00e4ihmisten parissa palvelubusseissa, kirjastoissa ja ostoskeskuksissa, Iloa Arkeen -pys\u00e4keille on helppo tulla.<br \/>\n<a href=\"https:\/\/www.valli.fi\/iloa-arkeen-pysakit\/\" target=\"_blank\" rel=\"noopener\">Lue lis\u00e4\u00e4: valli.fi<\/a><\/p>\n<p>&nbsp;<\/p>\n","protected":false},"excerpt":{"rendered":"<p>Iloa Arkeen-pys\u00e4kkitoimintaa kehitet\u00e4\u00e4n hankkeen aikana kuudella paikkakunnalla Vallin j\u00e4senyhteis\u00f6iss\u00e4. Mukana kehitt\u00e4misty\u00f6ss\u00e4 ovat my\u00f6s Kotien Puolesta paikallisyhdistykset. Iloa Arkeen -pys\u00e4kit ovat avoimia ja maksuttomia tapaamispaikkoja ik\u00e4ihmisille. Ne v\u00e4hent\u00e4v\u00e4t yksin\u00e4isyytt\u00e4, vahvistavat alueidensa yhteis\u00f6llisyytt\u00e4 ja tarjoavat toimintaa ik\u00e4ihmisille sek\u00e4 vapaaehtoisille. Pys\u00e4kit sijaitsevat siell\u00e4,<\/p>\n","protected":false},"author":1,"featured_media":0,"parent":0,"menu_order":0,"comment_status":"closed","ping_status":"closed","template":"","meta":{"footnotes":""},"class_list":["post-360","page","type-page","status-publish","hentry"],"_links":{"self":[{"href":"https:\/\/www.kumppanuustalohilma.fi\/hilma\/wp-json\/wp\/v2\/pages\/360","targetHints":{"allow":["GET"]}}],"collection":[{"href":"https:\/\/www.kumppanuustalohilma.fi\/hilma\/wp-json\/wp\/v2\/pages"}],"about":[{"href":"https:\/\/www.kumppanuustalohilma.fi\/hilma\/wp-json\/wp\/v2\/types\/page"}],"author":[{"embeddable":true,"href":"https:\/\/www.kumppanuustalohilma.fi\/hilma\/wp-json\/wp\/v2\/users\/1"}],"replies":[{"embeddable":true,"href":"https:\/\/www.kumppanuustalohilma.fi\/hilma\/wp-json\/wp\/v2\/comments?post=360"}],"version-history":[{"count":11,"href":"https:\/\/www.kumppanuustalohilma.fi\/hilma\/wp-json\/wp\/v2\/pages\/360\/revisions"}],"predecessor-version":[{"id":385,"href":"https:\/\/www.kumppanuustalohilma.fi\/hilma\/wp-json\/wp\/v2\/pages\/360\/revisions\/385"}],"wp:attachment":[{"href":"https:\/\/www.kumppanuustalohilma.fi\/hilma\/wp-json\/wp\/v2\/media?parent=360"}],"curies":[{"name":"wp","href":"https:\/\/api.w.org\/{rel}","templated":true}]}}