{"id":473,"date":"2019-07-15T15:33:30","date_gmt":"2019-07-15T12:33:30","guid":{"rendered":"https:\/\/www.kumppanuustalohilma.fi\/hilma\/?page_id=473"},"modified":"2019-07-16T13:50:28","modified_gmt":"2019-07-16T10:50:28","slug":"hilman-jarjestot-ryn-jasenhakemus","status":"publish","type":"page","link":"https:\/\/www.kumppanuustalohilma.fi\/hilma\/hilman-jarjestot-ryn-jasenhakemus\/","title":{"rendered":"Hilman J\u00e4rjest\u00f6t ry:n j\u00e4senhakemus"},"content":{"rendered":"<h2>Hilman J\u00e4rjest\u00f6t ry:n j\u00e4senhakemus<\/h2>\n<p>Hilman J\u00e4rjest\u00f6t ry on haminalainen yhdistysten yhdistys. Hilman j\u00e4rjest\u00f6t ry:n tarkoituksena on edist\u00e4\u00e4 ja parantaa Haminassa toimivien rekister\u00f6ityjen yhdistysten toimintaedellytyksi\u00e4 sek\u00e4 edist\u00e4\u00e4 eri yhdistysten yhteisty\u00f6t\u00e4 tasavertaisesti kaikkien yhdistysten kesken. <\/p>\n<p>Hilma on suomenkielinen, uskonnollisesti ja poliittisesti sitoutumaton sek\u00e4 voittoa tavoittelematon yleishy\u00f6dyllinen yhdistys. Hilman J\u00e4rjest\u00f6t ry:n on perustanut 15 haminalaista Kumppanuustalo Hilman k\u00e4ytt\u00e4j\u00e4yhdistyst\u00e4 28.11.2017. <\/p>\n<p>Hilman varsinaiseksi j\u00e4seneksi voi liitty\u00e4 Haminan alueella toimiva, rekister\u00f6ity yhdistys tai oikeustoimikelpoinen yhteis\u00f6, joka hyv\u00e4ksyy Hilman s\u00e4\u00e4nn\u00f6t. Kannatusj\u00e4seneksi voidaan hyv\u00e4ksy\u00e4 rekister\u00f6ity yhdistys, s\u00e4\u00e4ti\u00f6 tai muu oikeustoimikelpoinen yhteis\u00f6, jonka toiminta ja tarkoitusper\u00e4t ovat sopusoinnussa Hilman kanssa. <\/p>\n<p>Tutustu yhdistyksen s\u00e4\u00e4nt\u00f6ihin, t\u00e4yt\u00e4 j\u00e4senhakemus!<\/p>\n<div class=\"everest-forms\"><div class=\"evf-container default\" id=\"evf-472\"><form id=\"evf-form-472\" class=\"everest-form\" data-formid=\"472\" data-ajax_submission=\"0\" data-keyboard_friendly_form=\"0\" data-form_state_type=\"\" method=\"post\" enctype=\"multipart\/form-data\" action=\"\/hilma\/wp-json\/wp\/v2\/pages\/473\"><div class=\"evf-field-container\"><input type=\"hidden\" id=\"_wpnonce472\" name=\"_wpnonce472\" value=\"7a13f282f9\" \/><input type=\"hidden\" name=\"_wp_http_referer\" value=\"\/hilma\/wp-json\/wp\/v2\/pages\/473\" \/><div class=\"evf-frontend-row\" data-row=\"row_1\" conditional_rules=\"[]\"><div class=\"evf-frontend-grid evf-grid-1\" data-grid=\"grid_1\"><div id=\"evf-472-field_3k5gVgXW1m-4-container\" class=\"evf-field evf-field-text form-row\" data-field-id=\"3k5gVgXW1m-4\"><label class=\"evf-field-label\" for=\"evf-472-field_3k5gVgXW1m-4\"><span class=\"evf-label\">Yhdistyksen nimi:<\/span> <\/label><input type=\"text\" id=\"evf-472-field_3k5gVgXW1m-4\" class=\"input-text\" name=\"everest_forms[form_fields][3k5gVgXW1m-4]\" ><\/div><div id=\"evf-472-field_bZBfSAmdZS-3-container\" class=\"evf-field evf-field-text form-row\" data-field-id=\"bZBfSAmdZS-3\"><label class=\"evf-field-label\" for=\"evf-472-field_bZBfSAmdZS-3\"><span class=\"evf-label\">Yhdistyshenkil\u00f6(t)<\/span> <\/label><input type=\"text\" id=\"evf-472-field_bZBfSAmdZS-3\" class=\"input-text\" name=\"everest_forms[form_fields][bZBfSAmdZS-3]\" ><div class=\"evf-field-description\">Henkil\u00f6(t), joille l\u00e4hetet\u00e4\u00e4n Hilman J\u00e4rjest\u00f6t ry:n posti ja j\u00e4senmaksu.<\/div><\/div><div id=\"evf-472-field_zX1nCwAIw4-2-container\" class=\"evf-field evf-field-text form-row\" data-field-id=\"zX1nCwAIw4-2\"><label class=\"evf-field-label\" for=\"evf-472-field_zX1nCwAIw4-2\"><span class=\"evf-label\">S\u00e4hk\u00f6postiosoite:<\/span> <\/label><input type=\"text\" id=\"evf-472-field_zX1nCwAIw4-2\" class=\"input-text\" name=\"everest_forms[form_fields][zX1nCwAIw4-2]\" ><\/div><div id=\"evf-472-field_Ts6TSyeIvw-1-container\" class=\"evf-field evf-field-text form-row\" data-field-id=\"Ts6TSyeIvw-1\"><label class=\"evf-field-label\" for=\"evf-472-field_Ts6TSyeIvw-1\"><span class=\"evf-label\">Puhelinnumero:<\/span> <\/label><input type=\"text\" id=\"evf-472-field_Ts6TSyeIvw-1\" class=\"input-text\" name=\"everest_forms[form_fields][Ts6TSyeIvw-1]\" ><\/div><div id=\"evf-472-field_DMQilrab4j-5-container\" class=\"evf-field evf-field-text form-row\" data-field-id=\"DMQilrab4j-5\"><label class=\"evf-field-label\" for=\"evf-472-field_DMQilrab4j-5\"><span class=\"evf-label\">L\u00e4hiosoite:<\/span> <\/label><input type=\"text\" id=\"evf-472-field_DMQilrab4j-5\" class=\"input-text\" name=\"everest_forms[form_fields][DMQilrab4j-5]\" ><\/div><div id=\"evf-472-field_fgXtqxhW8B-6-container\" class=\"evf-field evf-field-text form-row\" data-field-id=\"fgXtqxhW8B-6\"><label class=\"evf-field-label\" for=\"evf-472-field_fgXtqxhW8B-6\"><span class=\"evf-label\">Postitoimipaikka ja postinumero:<\/span> <\/label><input type=\"text\" id=\"evf-472-field_fgXtqxhW8B-6\" class=\"input-text\" name=\"everest_forms[form_fields][fgXtqxhW8B-6]\" ><\/div><div id=\"evf-472-field_message-container\" class=\"evf-field evf-field-textarea form-row\" data-field-id=\"message\"><label class=\"evf-field-label\" for=\"evf-472-field_message\"><span class=\"evf-label\">P\u00e4iv\u00e4m\u00e4\u00e4r\u00e4 ja hakemuksen l\u00e4hett\u00e4j\u00e4n yhteystiedot<\/span> <\/label><textarea id=\"evf-472-field_message\" class=\"input-text\" name=\"everest_forms[form_fields][message]\"  ><\/textarea><\/div><\/div><\/div><\/div><div class=\"evf-submit-container \" ><input type=\"hidden\" name=\"everest_forms[id]\" value=\"472\"><input type=\"hidden\" name=\"everest_forms[author]\" value=\"1\"><button type='submit' name='everest_forms[submit]' class='everest-forms-submit-button button evf-submit ' id='evf-submit-472' value='evf-submit' data-process-text=\"hetkinen\u2026\" conditional_rules='&quot;&quot;' conditional_id='evf-submit-472'  id=\"evf-submit-472\" aria-live=\"assertive\">L\u00e4het\u00e4 hakemus<\/button><\/div><\/form><\/div><!-- .evf-container --><\/div>\n<p>&nbsp;<\/p>\n<p>Tulostettavan version voit ladata t\u00e4st\u00e4: <a href=\"https:\/\/www.kumppanuustalohilma.fi\/hilma\/wp-content\/uploads\/2019\/07\/jasenhakemuskth.pdf\" target=\"_blank\" rel=\"noopener\">Hilman J\u00e4rjest\u00f6t ry:n j\u00e4senhakemus.pdf<\/a><\/p>\n<p>Lis\u00e4tietoja saat:<br \/>\nToiminnanjohtaja<br \/>\n<strong>Minna M\u00e4ntt\u00e4ri<\/strong><br \/>\n040 751 7955<br \/>\nminna.manttari@kumppanuustalohilma.fi<\/p>\n<p>&nbsp;<\/p>\n","protected":false},"excerpt":{"rendered":"<p>Hilman J\u00e4rjest\u00f6t ry:n j\u00e4senhakemus Hilman J\u00e4rjest\u00f6t ry on haminalainen yhdistysten yhdistys. Hilman j\u00e4rjest\u00f6t ry:n tarkoituksena on edist\u00e4\u00e4 ja parantaa Haminassa toimivien rekister\u00f6ityjen yhdistysten toimintaedellytyksi\u00e4 sek\u00e4 edist\u00e4\u00e4 eri yhdistysten yhteisty\u00f6t\u00e4 tasavertaisesti kaikkien yhdistysten kesken. Hilma on suomenkielinen, uskonnollisesti ja poliittisesti sitoutumaton<\/p>\n","protected":false},"author":1,"featured_media":0,"parent":0,"menu_order":0,"comment_status":"closed","ping_status":"closed","template":"","meta":{"footnotes":""},"class_list":["post-473","page","type-page","status-publish","hentry"],"_links":{"self":[{"href":"https:\/\/www.kumppanuustalohilma.fi\/hilma\/wp-json\/wp\/v2\/pages\/473","targetHints":{"allow":["GET"]}}],"collection":[{"href":"https:\/\/www.kumppanuustalohilma.fi\/hilma\/wp-json\/wp\/v2\/pages"}],"about":[{"href":"https:\/\/www.kumppanuustalohilma.fi\/hilma\/wp-json\/wp\/v2\/types\/page"}],"author":[{"embeddable":true,"href":"https:\/\/www.kumppanuustalohilma.fi\/hilma\/wp-json\/wp\/v2\/users\/1"}],"replies":[{"embeddable":true,"href":"https:\/\/www.kumppanuustalohilma.fi\/hilma\/wp-json\/wp\/v2\/comments?post=473"}],"version-history":[{"count":7,"href":"https:\/\/www.kumppanuustalohilma.fi\/hilma\/wp-json\/wp\/v2\/pages\/473\/revisions"}],"predecessor-version":[{"id":482,"href":"https:\/\/www.kumppanuustalohilma.fi\/hilma\/wp-json\/wp\/v2\/pages\/473\/revisions\/482"}],"wp:attachment":[{"href":"https:\/\/www.kumppanuustalohilma.fi\/hilma\/wp-json\/wp\/v2\/media?parent=473"}],"curies":[{"name":"wp","href":"https:\/\/api.w.org\/{rel}","templated":true}]}}