{"id":89,"date":"2018-07-05T02:28:58","date_gmt":"2018-07-04T23:28:58","guid":{"rendered":"https:\/\/www.kumppanuustalohilma.fi\/hilma\/?page_id=89"},"modified":"2024-02-06T09:54:18","modified_gmt":"2024-02-06T07:54:18","slug":"varauskalenteri","status":"publish","type":"page","link":"https:\/\/www.kumppanuustalohilma.fi\/hilma\/varauskalenteri\/","title":{"rendered":"Varauskalenteri"},"content":{"rendered":"<p><!-- \u00e4l\u00e4 poista\n<strong><span data-mce-type=\"bookmark\" style=\"display: inline-block; width: 0px; overflow: hidden; line-height: 0;\" class=\"mce_SELRES_start\"><\/span><label for=\"cal5checkbox0\"><span style=\"color: #b1440e;\"><span style=\"color: #000000;\">V\u00e4rikoodit: <\/span><\/span><\/label><label for=\"cal6checkbox0\"><span style=\"color: #125a12;\"><\/span><\/label><label for=\"cal7checkbox0\"><span style=\"color: #ab8b00;\">Kabinetti 1,\u00a0 \u00a0<\/span><\/label><label for=\"cal8checkbox0\"><span style=\"color: #d71b5f;\">Kabinetti 2, <\/span><\/label><label for=\"cal9checkbox0\"><span style=\"color: #4485f2;\"> Kabinetti 3, <\/span><\/label><label for=\"cal10checkbox0\"><span style=\"color: #a69a8e;\"><\/span><\/label><label for=\"cal11checkbox0\"><span style=\"color: #8e2c85;\"> <label for=\"cal9checkbox0\"><span style=\"color: #b39ddb;\"> Et\u00e4ty\u00f6piste 1 (etuk\u00e4teisvaraukset), <\/span><\/label><label for=\"cal10checkbox0\"><span style=\"color: #e67c73;\"> Et\u00e4ty\u00f6piste 2 (ilman varauksia).<\/span><\/label><\/span><\/label><\/strong>\n\n\n<div class=\"calendar-row\">\n\n<iframe loading=\"lazy\" src=\"https:\/\/calendar.google.com\/calendar\/embed?height=600&amp;wkst=2&amp;bgcolor=%23ffffff&amp;ctz=Europe%2FHelsinki&amp;src=bW80aDk2bHZ2bG5ucjNtbmt1ZHE4MDY2aHNAZ3JvdXAuY2FsZW5kYXIuZ29vZ2xlLmNvbQ&amp;src=cnZsMDFuM2Vna2wyMzU2ZTFmcmdmOGZtaWtAZ3JvdXAuY2FsZW5kYXIuZ29vZ2xlLmNvbQ&amp;src=ajE4cGhvb21hcjlsNWsxbGxiZmhtaTJjbTBAZ3JvdXAuY2FsZW5kYXIuZ29vZ2xlLmNvbQ&amp;src=bWxhYmpjc2ZxZTQxcGlhMjY0dDQwbmVidDhAZ3JvdXAuY2FsZW5kYXIuZ29vZ2xlLmNvbQ&amp;src=Z3VwZmVmMXBwYjRsNzNhNDd0cHRubG5qYmdAZ3JvdXAuY2FsZW5kYXIuZ29vZ2xlLmNvbQ&amp;color=%23B39DDB&amp;color=%23E67C73&amp;color=%23E4C441&amp;color=%23D81B60&amp;color=%234285F4\" style=\"border:solid 1px #777\" width=\"100%\" height=\"1100\" frameborder=\"0\" scrolling=\"no\"><\/iframe>\n--><\/p>\n<p><strong><label for=\"cal5checkbox0\"><span style=\"color: #b1440e;\"><span style=\"color: #000000;\">V\u00e4rikoodit:<\/span>\u00a0 Olohuone,\u00a0 \u00a0<\/span><\/label><label for=\"cal6checkbox0\"><span style=\"color: #125a12;\">Alakerran kerhohuone,\u00a0 \u00a0<\/span><\/label><label for=\"cal7checkbox0\"><span style=\"color: #ab8b00;\">Kabinetti keltainen,\u00a0 \u00a0<\/span><\/label><label for=\"cal8checkbox0\"><span style=\"color: #d71b5f;\">Kabinetti punainen, <\/span><\/label><label for=\"cal9checkbox0\"><span style=\"color: #4485f2;\">Kabinetti sininen, <\/span><\/label><label for=\"cal10checkbox0\"><span style=\"color: #a69a8e;\">Keitti\u00f6, <\/span><\/label><label for=\"cal11checkbox0\"><span style=\"color: #8e2c85;\">Rikama, <label for=\"cal9checkbox0\"><span style=\"color: #b39ddb;\">Et\u00e4ty\u00f6piste 1 (etuk\u00e4teisvaraukset), <\/span><\/label><label for=\"cal10checkbox0\"><span style=\"color: #e67c73;\">Et\u00e4ty\u00f6piste 2 (ilman varauksia).<br \/>\n<br \/><a target=\"_blank\" href=\"https:\/\/calendar.google.com\/calendar\/u\/0\/embed?height=600&amp;wkst=1&amp;bgcolor=%23ffffff&amp;ctz=Europe\/Helsinki&#038;title=Kumppanuustalo%20Hilma&#038;src=a3VtcHBhbnV1c3RhbG8uaGlsbWFAZ21haWwuY29t&amp;src=ZGp1MWVuNzJ0aWF2MjBrNXZzOGwzM2JzZ2tAZ3JvdXAuY2FsZW5kYXIuZ29vZ2xlLmNvbQ&amp;src=bW80aDk2bHZ2bG5ucjNtbmt1ZHE4MDY2aHNAZ3JvdXAuY2FsZW5kYXIuZ29vZ2xlLmNvbQ&amp;src=cnZsMDFuM2Vna2wyMzU2ZTFmcmdmOGZtaWtAZ3JvdXAuY2FsZW5kYXIuZ29vZ2xlLmNvbQ&amp;src=ajE4cGhvb21hcjlsNWsxbGxiZmhtaTJjbTBAZ3JvdXAuY2FsZW5kYXIuZ29vZ2xlLmNvbQ&amp;src=bWxhYmpjc2ZxZTQxcGlhMjY0dDQwbmVidDhAZ3JvdXAuY2FsZW5kYXIuZ29vZ2xlLmNvbQ&amp;src=Z3VwZmVmMXBwYjRsNzNhNDd0cHRubG5qYmdAZ3JvdXAuY2FsZW5kYXIuZ29vZ2xlLmNvbQ&amp;src=aWxwbGdycWVobzhuZ29sN21oNnViaHEwMmdAZ3JvdXAuY2FsZW5kYXIuZ29vZ2xlLmNvbQ&amp;src=azZtMGRlZWYxMG04ZDc3a2Q2Mjk0ZDV1Zm9AZ3JvdXAuY2FsZW5kYXIuZ29vZ2xlLmNvbQ&amp;color=%23795548&amp;color=%230B8043&amp;color=%23B39DDB&amp;color=%23E67C73&amp;color=%23E4C441&amp;color=%23D81B60&amp;color=%234285F4&amp;color=%238e2c85&amp;color=%23A79B8E\" rel=\"noopener\"><span style=\"color: #000000;\"><u>Avaa kalenteri isona uuteen ikkunaan<\/u><\/span><\/a><\/span><\/label><\/span><\/label><\/strong><\/p>\n<div class=\"calendar-row\">\n<p><iframe loading=\"lazy\" style=\"border: solid 1px #777;\" src=\"https:\/\/calendar.google.com\/calendar\/embed?height=600&amp;wkst=1&amp;bgcolor=%23ffffff&amp;ctz=Europe%2FHelsinki&#038;title=Kumppanuustalo%20Hilma&#038;src=a3VtcHBhbnV1c3RhbG8uaGlsbWFAZ21haWwuY29t&amp;src=ZGp1MWVuNzJ0aWF2MjBrNXZzOGwzM2JzZ2tAZ3JvdXAuY2FsZW5kYXIuZ29vZ2xlLmNvbQ&amp;src=bW80aDk2bHZ2bG5ucjNtbmt1ZHE4MDY2aHNAZ3JvdXAuY2FsZW5kYXIuZ29vZ2xlLmNvbQ&amp;src=cnZsMDFuM2Vna2wyMzU2ZTFmcmdmOGZtaWtAZ3JvdXAuY2FsZW5kYXIuZ29vZ2xlLmNvbQ&amp;src=ajE4cGhvb21hcjlsNWsxbGxiZmhtaTJjbTBAZ3JvdXAuY2FsZW5kYXIuZ29vZ2xlLmNvbQ&amp;src=bWxhYmpjc2ZxZTQxcGlhMjY0dDQwbmVidDhAZ3JvdXAuY2FsZW5kYXIuZ29vZ2xlLmNvbQ&amp;src=Z3VwZmVmMXBwYjRsNzNhNDd0cHRubG5qYmdAZ3JvdXAuY2FsZW5kYXIuZ29vZ2xlLmNvbQ&amp;src=aWxwbGdycWVobzhuZ29sN21oNnViaHEwMmdAZ3JvdXAuY2FsZW5kYXIuZ29vZ2xlLmNvbQ&amp;src=azZtMGRlZWYxMG04ZDc3a2Q2Mjk0ZDV1Zm9AZ3JvdXAuY2FsZW5kYXIuZ29vZ2xlLmNvbQ&amp;color=%23795548&amp;color=%230B8043&amp;color=%23B39DDB&amp;color=%23E67C73&amp;color=%23E4C441&amp;color=%23D50000&amp;color=%234285F4&amp;color=%238E24AA&amp;color=%23A79B8E\" width=\"100%\" height=\"1200\" frameborder=\"0\" scrolling=\"no\"><\/iframe><\/p>\n<\/div>\n","protected":false},"excerpt":{"rendered":"<p>V\u00e4rikoodit:\u00a0 Olohuone,\u00a0 \u00a0Alakerran kerhohuone,\u00a0 \u00a0Kabinetti keltainen,\u00a0 \u00a0Kabinetti punainen, Kabinetti sininen, Keitti\u00f6, Rikama, Et\u00e4ty\u00f6piste 1 (etuk\u00e4teisvaraukset), Et\u00e4ty\u00f6piste 2 (ilman varauksia). Avaa kalenteri isona uuteen ikkunaan<\/p>\n","protected":false},"author":1,"featured_media":0,"parent":0,"menu_order":0,"comment_status":"closed","ping_status":"closed","template":"","meta":{"footnotes":""},"class_list":["post-89","page","type-page","status-publish","hentry"],"_links":{"self":[{"href":"https:\/\/www.kumppanuustalohilma.fi\/hilma\/wp-json\/wp\/v2\/pages\/89","targetHints":{"allow":["GET"]}}],"collection":[{"href":"https:\/\/www.kumppanuustalohilma.fi\/hilma\/wp-json\/wp\/v2\/pages"}],"about":[{"href":"https:\/\/www.kumppanuustalohilma.fi\/hilma\/wp-json\/wp\/v2\/types\/page"}],"author":[{"embeddable":true,"href":"https:\/\/www.kumppanuustalohilma.fi\/hilma\/wp-json\/wp\/v2\/users\/1"}],"replies":[{"embeddable":true,"href":"https:\/\/www.kumppanuustalohilma.fi\/hilma\/wp-json\/wp\/v2\/comments?post=89"}],"version-history":[{"count":35,"href":"https:\/\/www.kumppanuustalohilma.fi\/hilma\/wp-json\/wp\/v2\/pages\/89\/revisions"}],"predecessor-version":[{"id":1423,"href":"https:\/\/www.kumppanuustalohilma.fi\/hilma\/wp-json\/wp\/v2\/pages\/89\/revisions\/1423"}],"wp:attachment":[{"href":"https:\/\/www.kumppanuustalohilma.fi\/hilma\/wp-json\/wp\/v2\/media?parent=89"}],"curies":[{"name":"wp","href":"https:\/\/api.w.org\/{rel}","templated":true}]}}